93 + 103. Let w(n) = n**3 + 3*n**2 - n + 2. What is the remainder when v is divided by w(-2)?
2
Let p = 45 - 8. Suppose 40*i - 4*i = 28*i + 112. What is the remainder when p is divided by i?
9
Suppose 4*u - 2*h = -0*h + 138, -4*u + h + 133 = 0. Let j = 17 - 17. Suppose i - 2*i + 11 = j. Calculate the remainder when u is divided by i.
10
Suppose -7*s = -8*s + 18. Calculate the remainder when 65 is divided by 67/3 - (-7 + 132/s).
21
Let v = -256 + 604. What is the remainder when v is divided by 14?
12
Let l(b) = -10*b - 7. Let q be l(-4). Suppose -q = 9*i - 87. What is the remainder when 17 is divided by i?
5
Suppose -l - 2*l - 5*g = -37, -2*g = 2*l - 22. Suppose l = 2*d - 105. Let a = 5 - -10. Calculate the remainder when d is divided by a.
12
Suppose 14*s + 2140 = 24*s. Calculate the remainder when s is divided by 62.
28
Let y(j) = -6*j + 298. Calculate the remainder when 67 is divided by y(45).
11
Let z = -2 + 5. Suppose 53 = 7*n - z. Suppose 0 = -3*x + 4*f + 31, -23 = 3*x - 4*x - 5*f. What is the remainder when x is divided by n?
5
Suppose 0 = 694*v - 697*v + 177. What is the remainder when v is divided by 17?
8
Suppose 3*j = -c + 412, c - 7*j = -11*j + 414. Calculate the remainder when c is divided by 82.
78
Let s = 8 + -3. Let u be (4 - (-85)/(-25))*35. Suppose -26*l + 29*l - u = 0. What is the remainder when l is divided by s?
2
Let f(p) = p**3 - 6*p**2 - 44*p + 56. Suppose -6*l + 28 = -2*l. Calculate the remainder when f(10) is divided by l.
2
What is the remainder when (2 + 5 + 20)*6 is divided by 28?
22
Let o(b) = -3*b - 6. Suppose -3*y + 11 - 29 = 0. Let m = -54 + 61. What is the remainder when o(y) is divided by m?
5
Suppose 4*v = 2*s + 2, 4*s + 5 = s + 4*v. Calculate the remainder when 25 is divided by 7/s*-6 - 1.
12
Let i(s) = -2*s**3 - 8*s**2 - 8*s - 11. Calculate the remainder when (0 + 2)*((-1148)/(-8))/7 is divided by i(-4).
20
Suppose -9*t = -4*t - 60. What is the remainder when t is divided by 5?
2
Suppose 184*n + 173*n - 11480 = 287*n. What is the remainder when n is divided by 266/8 - (-1)/(-4)?
32
Let j(r) be the second derivative of r**4/12 - 7*r**3/6 - 2*r**2 + 10*r. Let t be j(8). Suppose -t*a = a - 25. What is the remainder when 8 is divided by a?
3
Suppose -i = -5*z - 87, -96*i = -101*i + 4*z + 414. Let t(o) = o**3 - 4*o**2 + 5*o - 3. What is the remainder when i is divided by t(4)?
14
Let t(o) = 32*o**3 + o**2 + 2*o + 1. Let f be t(-1). What is the remainder when (-144)/f*(1 + 1) is divided by 2?
1
Suppose 4*i - 2*f = 8, -3*f = -0*f. Suppose 2*o = -2*o - x + 4, 4*x - 16 = i*o. Suppose 0 = t - o - 14. Calculate the remainder when 55 is divided by t.
13
Suppose -x + 225 = 4*x. Let n = 965 + -953. Calculate the remainder when x is divided by n.
9
Let a = -116 - -261. What is the remainder when a is divided by 77?
68
Suppose 0 = -3*p + 2*p + 17. Let m = 116 - 106. Calculate the remainder when p is divided by m.
7
Suppose 2*z - 99 = -5*n, z + 4*n - 2*n = 47. Calculate the remainder when 83 is divided by z.
9
Let t(n) = -n**2 - 16*n + 33. Suppose g + 40 - 10 = 0. What is the remainder when (g + 0)*(9 + -10) is divided by t(-17)?
14
Suppose 26 + 1144 = 39*s. What is the remainder when 177 is divided by s?
27
Let v = 903 - 826. Calculate the remainder when v is divided by 8.
5
Let o = 116 - 28. Suppose 4*c + 4 - o = 0. Suppose -3*f = -2*f - 12. Calculate the remainder when c is divided by f.
9
Let u = 681 + -639. What is the remainder when 165 is divided by u?
39
What is the remainder when 203 is divided by (-708)/(-20) + 4/(-10)?
28
Suppose 10 = 2*x - 38. Let f = -201 - -210. What is the remainder when x is divided by f?
6
Let a(g) = g**2 + 12*g + 18. Calculate the remainder when a(-12) is divided by 6.
0
Let k be ((-6)/(9/3))/((-4)/8). Suppose -g - 3*i + 53 = g, k*i - 20 = 0. Calculate the remainder when g is divided by 6.
1
Let x = -14 + 27. Suppose 4*s + 8 = 7*k + 29, k - 22 = -3*s. What is the remainder when x is divided by s?
6
Let h = 211 + -101. Suppose 3*d - 5*f = 119, h + 83 = 5*d - 3*f. Suppose 4*z + 2*y - 31 = -y, 4*y = -5*z + d. What is the remainder when 19 is divided by z?
9
Let h = 4 + 1. Suppose 25 = h*y - 125. What is the remainder when y is divided by 8 + 4 + (3 - 4)?
8
Suppose 2*z + 12 = p, 0 = 2*p - 3*p + z + 9. Let m = -12 + 14. Suppose m*w + 3*u + 2*u = 30, 0 = 2*u. What is the remainder when w is divided by p?
3
Let a = 52 + -35. Let o(h) = -2*h + 17. Let p be o(7). Suppose 6*v - 2*v = -4*z + 264, 204 = 3*z - p*v. What is the remainder when z is divided by a?
16
Let t(j) = j**3 - 10*j**2 - 15*j + 59. What is the remainder when t(11) is divided by 12?
3
Let w(h) = 3*h**2 + 2*h + 1. Let f = 10 - 8. Suppose 2*x = f + 4. Calculate the remainder when w(x) is divided by 12.
10
Let x be 16/(-5) - 108/(-90). Let f(u) = -24*u - 25. Calculate the remainder when f(x) is divided by (7 - 1)*4/6.
3
Let z be ((-3)/(15/(-2)))/((-3)/30). Calculate the remainder when 2 + (-196)/(-12) - z/6 is divided by 11.
8
Let x(k) = 2*k + 2. Let s be x(7). Let f = s + 25. Suppose -2*c - 20 = -50. Calculate the remainder when f is divided by c.
11
Suppose -4*m + 4*a - 9*a = -112, -4*a - 53 = -3*m. What is the remainder when 595 is divided by m?
20
Let o(k) = 66*k. Let y be o(-1). Let p be (-616)/14 + (1 - 2). Let z = p - y. Calculate the remainder when 62 is divided by z.
20
Let k = -9 - -9. Suppose 2*u + u - 45 = k. Suppose 15*q - 16*q + 4 = 0. Calculate the remainder when u is divided by q.
3
Suppose 125 = 4*h + 3*r, -r = h - 58 + 27. Calculate the remainder when 179 is divided by h.
19
Suppose -252 = -5*s + 23. Let m = 67 - s. What is the remainder when 21 is divided by m?
9
Let h(p) = 2*p**3 - p. What is the remainder when (-27 - -18) + 175 + -2 is divided by h(2)?
10
Let m = -197 - -225. What is the remainder when m is divided by 26?
2
Let x(m) = m**3 + 12*m**2 - 30*m - 20. Let c(k) = k**3 - k**2 + 4*k - 4. What is the remainder when c(2) is divided by x(-14)?
0
What is the remainder when (-9)/(-6)*188/6 is divided by (-6)/18*-6*6?
11
Let o be (-1925)/(-147) + (-2)/21. Suppose 0 = -o*z + 135 + 73. Calculate the remainder when z is divided by 4.
0
Let k = -3240 + 3251. Suppose 15 = -q - 5*n + 83, -4*q + 3*n + 203 = 0. What is the remainder when q is divided by k?
9
Suppose 4*d + 2292 = 8*d. What is the remainder when d is divided by 14?
13
Let b(m) = 9*m - 33. Suppose -5*w + 7 = 2*z, 0 = -3*z + 4*w - 7*w + 15. Calculate the remainder when 59 is divided by b(z).
17
Let g = 91 + -60. Suppose 45 = 2*v - g. Let k = v - 22. What is the remainder when 47 is divided by k?
15
Suppose -9*v - 1055 + 155 = 0. Let r = v - -117. Calculate the remainder when 133 is divided by r.
14
Suppose 4*o - 12 = 8. Suppose o*z - 10*z = -120. Calculate the remainder when z is divided by 9.
6
Suppose 186 + 804 = -6*b. Let o = -48 - b. What is the remainder when o is divided by 30?
27
Suppose 180 = 7*k + 33. Calculate the remainder when 99 is divided by k.
15
Calculate the remainder when 3*(2 + (-112)/(-6)) is divided by (-418)/(-13) + (-14)/91.
30
Suppose 14*u = 5*u + 63. Suppose 0 = -10*z + 503 + u. What is the remainder when z is divided by 9?
6
Suppose 1 = -5*h + 3*r + r, 0 = 4*h - 2*r + 2. What is the remainder when h - 3 - (3 + -28) is divided by 3?
0
Suppose -11*m = -5*k - 7*m + 29, -5*m = -3*k + 20. Suppose 8 = -4*j, -32 = -d - k*j + j. Calculate the remainder when d is divided by 23.
17
Suppose 37*c = 1710 - 193. What is the remainder when c is divided by 31?
10
Let q = -87 + 43. What is the remainder when 25 is divided by (-10)/(-50) - q/5?
7
Let l(k) = -15*k - 14. Let j be l(-5). Suppose -4*b = -3*b - j. What is the remainder when b is divided by 16?
13
Let h = 394 + -278. Calculate the remainder when h is divided by 7.
4
Suppose 2*a - 18 = -0*a. Suppose -3*h - 96 = -3*v, 2*v + 2*v + 5*h = 137. What is the remainder when v is divided by a?
6
Let j = -217 + 91. Let k = j + 139. Calculate the remainder when 64 is divided by k.
12
Let h = -379 - -599. Calculate the remainder when h is divided by 28.
24
Let r(a) = -a**3 - 6*a**2 + 11*a - 2. Calculate the remainder when r(-8) is divided by ((-30)/(-15))/(4/10).
3
Suppose -o + 15 = -6. Suppose -3*a - 8 = -185. What is the remainder when a is divided by o?
17
Suppose -4*g = 8, -2*l + g - 24 = 3*g. 